)/(-2). Suppose 115 = -3*a + o. Does 32 divide a?
False
Let u be (-6)/15 - 248/(-20) - 2. Let b(j) = 2*j**2 - 4*j + 27. Does 11 divide b(u)?
True
Is (4440/21)/(6/105) a multiple of 25?
True
Suppose -46*q + 4440 = 300. Does 15 divide q?
True
Let q be ((-696)/406)/(1/(-231)). Let u = q - 144. Does 21 divide u?
True
Let x(z) = 4*z**2 + 60*z + 30. Does 15 divide x(-15)?
True
Let o = -26 + 278. Suppose -o = -0*v - 4*v. Suppose -v*t = -67*t + 376. Is 20 a factor of t?
False
Let k = -39 - -102. Let l(o) = -o**3 + 22*o**2 - 5*o - 292. Let p be l(21). Let m = k + p. Is m a multiple of 10?
False
Let i(t) = 5 - 1 + 771*t - 533*t + 2. Let g be i(3). Suppose 27*r - 31*r = -g. Is r a multiple of 15?
True
Let o be (-296)/(-36) + -8 - 4/18. Suppose o = -3*f - 11*f - 98. Is (-1776)/f + ((-12)/(-7))/6 a multiple of 29?
False
Suppose 0*u = 3*b - 4*u - 32, 5*b = 2*u + 30. Suppose -5*s - b*x = -89, 5*x = -2*s - 0*s + 22. Let t = 56 - s. Is t a multiple of 5?
True
Suppose -523*b - 595486 = -85*b - 1777210. Is 8 a factor of b?
False
Is (-6)/(-42)*(8 - (0 + -82865)) a multiple of 26?
False
Suppose -x - 31 = -3*v, -2*v - 3*x = -4*v + 23. Let o be 6*27/30 - 4/v. Suppose o*n = 10*n - 80. Is 8 a factor of n?
True
Let u(k) = 1253*k**2 - 408*k + 2059. Is 24 a factor of u(5)?
True
Let i = 141 + -213. Is (0 - -21*(-3)/27)*i a multiple of 28?
True
Let d = -2227 - -10683. Is 28 a factor of d?
True
Let r(d) = -d**3 + 11*d**2 + 12*d + 5. Let l be r(12). Suppose 4*b - p - 27 + 1 = 0, 0 = -l*p - 10. Is (b + -165)/(-3) + (-4)/(-2) a multiple of 11?
True
Let w(v) = v**3 + 53*v**2 + 97*v + 3. Does 48 divide w(-48)?
False
Does 124 divide 62*192*155/310?
True
Let l(y) = 7*y - 78. Let i be l(11). Is 44 a factor of i + 3*(-4)/6 - -179?
True
Let c be -3*(-2)/9 - 21/(-9). Suppose 5*k + 3*m - 1656 = 220, -5*k + 1894 = -c*m. Does 45 divide k?
False
Suppose 5*b + g - 2527 = 0, 4*g - 885 = -5*b + 1648. Suppose -b = -0*l - 5*l + p, -3*l + 290 = 2*p. Is 3 a factor of (-5)/l*-5 - 78/(-8)?
False
Let t be (-20)/24*-6 - 263. Let r = -153 - t. Does 3 divide r?
True
Let v(r) = 12*r + 110. Let n be v(23). Suppose 4*m - 4*f + f = 516, n = 3*m - 2*f. Does 18 divide m?
True
Suppose 2*f = -10 - 4. Let i be -120*(f/4 - (-9)/12). Does 10 divide 2/12 - (-5860)/i?
False
Let k = -370 - -388. Is (-8488)/(-24) - (-6)/k a multiple of 46?
False
Let q = -19708 + 34320. Does 52 divide q?
True
Let o(q) = 5*q**2 - 41*q + 54. Let k(t) = -2*t**2 + 21*t - 27. Let p(h) = -7*k(h) - 3*o(h). Let g be p(-25). Suppose g = i - 10. Is 6 a factor of i?
True
Is 17 a factor of ((-50)/(-200))/((-3)/(-452268))?
True
Let n(r) = -3*r**2 - 4*r + 9. Let h(u) = u - 1. Let s = -34 + 29. Let w(o) = s*h(o) - n(o). Is 15 a factor of w(5)?
False
Let i(a) be the first derivative of -5*a + a + 17*a**3 - 3 + 7 - 15*a**3 - 2*a**2. Is 8 a factor of i(-3)?
False
Suppose -4*c + 3*t + 82978 = 0, -2*c = -5*t - 48569 + 7059. Does 20 divide c?
True
Suppose -2*b - 8 = 0, 27*b = -4*w + 28*b - 808. Let p = w + 289. Is p a multiple of 16?
False
Suppose 0 = 5*m - 1 + 6, -1010 = -s - 2*m. Suppose -3*q + q + 672 = 4*f, -3*q + s = 4*f. Suppose 6*t + q = 10*t. Is t a multiple of 8?
False
Let c be (-292)/(-511) - 17/(-7). Suppose -c*y - 453 = -3*b + 822, 10 = -2*y. Does 7 divide b?
True
Let x = 4146 + 80. Is 87 a factor of x?
False
Suppose 143 = 5*a + 2*k, -74 = -0*a - 2*a - 5*k. Suppose 2*d - 55 - a = 0. Suppose -137 = -2*w - d. Is w a multiple of 16?
True
Suppose 38*x = 20*x + 324. Suppose h = -a + 1307, a + x*h - 1310 = 20*h. Is 30 a factor of a?
False
Let h(t) = -3195*t**3 + 182*t + 181. Is h(-1) a multiple of 22?
False
Let n = 16 + -17. Let w be 3/(-2 - n) - -3. Suppose -84 = -6*h - w*h. Is h even?
True
Let l = 618 - 616. Does 13 divide 3/(-6)*-2228 + l?
False
Suppose 12*r - 6314 = 19882. Suppose 1455 = 2*u - 3*x, -3*u + r = 2*x - 6*x. Does 9 divide u?
True
Let n be (-113 - -123)*(1 + (-1)/(-5)). Let y(a) = -a**3 + 15*a**2 + a + 36. Does 12 divide y(n)?
True
Let y(s) = s**2 + 15*s - 71. Let f = 130 - 123. Does 6 divide y(f)?
False
Let s(l) = -l**3 - 34*l**2 - 27*l + 184. Let t be s(-33). Let n(c) = 10*c + 204. Does 47 divide n(t)?
False
Does 30 divide (1199667/(-588))/((-1)/4)?
False
Let h(o) = 2*o**3 - 63*o**2 + 56*o + 108. Does 11 divide h(31)?
False
Let m(b) be the first derivative of b**4/4 + 3*b**3 - b**2/2 - b + 13. Let o be m(-9). Suppose 7 + o = d. Is d a multiple of 5?
True
Let s(c) = -2*c**3 - 35*c**2 + 16*c - 800. Is s(-26) a multiple of 14?
True
Let o(u) = 4*u + 9*u - u**3 - 1567 + 1580 + 5*u**2. Let l be o(7). Does 4 divide (16/(-6))/((-2)/l)?
True
Suppose 85*c = 7917062 - 1474062. Does 25 divide c?
True
Let v(c) = -21*c + 5082. Is 27 a factor of v(133)?
False
Let w(r) = r**2 + 14*r - 24. Let z be w(-15). Let j be 48/40*(-30)/z. Does 16 divide 8/(6*j/84)?
False
Let h(p) = -p**3 + 53*p**2 + 84*p - 45. Is h(9) a multiple of 75?
True
Suppose z + 79 = 5*v, 2*v - 22 = 2*z - 4*z. Let u be v/20 + (-52)/(-16). Suppose -5*b + 70 = 5*y, b = 2*y - u*y + 16. Is 3 a factor of b?
True
Suppose -145792 = -31*y + 102425. Is y a multiple of 35?
False
Let z(v) = v + 14. Let r be z(-7). Suppose 6*k - 3*w - 495 = 3*k, -5*w = -4*k + 663. Is 53 a factor of (6 - r) + -2 + k?
True
Let s = 29247 + -10767. Is 112 a factor of s?
True
Suppose 8*c - c - 103992 - 105448 = 0. Does 11 divide c?
True
Let w(i) = 38*i + 60. Let o = 123 + -118. Is 16 a factor of w(o)?
False
Suppose 14*n - 29*n - 7560 = 0. Let q = 1176 + n. Is 6 a factor of q?
True
Let a = 24285 + -11730. Is a a multiple of 15?
True
Does 10 divide 355/3 + (13 - 74/6)?
False
Let k(y) = y**3 - 42*y**2 - 95*y + 37. Is 5 a factor of k(45)?
False
Let x = -27 + 35. Suppose 4*d + v = -0*d + x, 3*d - 2*v = -5. Let z(a) = 65*a**2 + 2*a - 1. Does 22 divide z(d)?
True
Suppose -2*o - h - 1 = 0, 5*o - 6*h + 10*h = 5. Is 256 - -11 - (0 - o) a multiple of 11?
True
Let v(n) = n**2 + 13*n - 203. Let i be v(-22). Let y(o) = -2*o**3 + 0*o + 2 - 5*o - 7*o. Is y(i) a multiple of 39?
True
Suppose -3*h + 7362 = 5*o, -h - 38 = -37. Is o a multiple of 11?
False
Does 39 divide 15186 + 3*24*4/36?
False
Suppose 0 = -3*b + 9 + 9. Suppose b*h = 9*h - 27. Is 13 a factor of 4 + 3/(h/222)?
True
Let x(h) be the second derivative of h**7/1260 + h**6/180 + h**5/15 + 15*h**4/4 - 39*h. Let c(u) be the third derivative of x(u). Does 13 divide c(6)?
True
Let w(c) be the third derivative of -c**6/360 + 59*c**5/120 - c**4/8 - 7*c**3/3 - 23*c**2. Let k(y) be the second derivative of w(y). Is k(25) a multiple of 3?
True
Let y(v) = -v + 3*v**3 + 6*v + 5*v - 8 - 6 - 19*v**2. Is 11 a factor of y(7)?
True
Suppose -19*l + 545 = -50831. Does 54 divide l?
False
Let d = 38391 + -22288. Is d a multiple of 47?
False
Suppose 559*b - 575*b = -394560. Is 90 a factor of b?
True
Let w = -45 - -51. Let p be (w/(-10))/(5/(-25)*1). Suppose 0 = -3*x - p*i + 267, 0*i + 2*i = 5*x - 452. Is x a multiple of 18?
True
Let n = -651 - -959. Suppose -2*l + 5*q + n = 2*l, 2*q = 0. Suppose -11*a = -18*a + l. Does 3 divide a?
False
Let r be (-3 - (-86)/8)/((-1)/(-132)). Let h = r + -99. Is h a multiple of 73?
False
Suppose d - 20 = 3*c, 5*d - 20 = 5*c - 6*c. Suppose -3*h + 2195 = 4*i - 581, -3*h = d*i - 2771. Is h a multiple of 20?
False
Suppose 62074 + 9632 = 5*o + 2*r, -100395 = -7*o - 5*r. Is 35 a factor of o?
False
Let x = -4933 + 8352. Suppose 15*i - x = 1261. Is i a multiple of 27?
False
Let x = -30792 - -73966. Is 53 a factor of x?
False
Let v(w) = 499*w**2 - 459*w + 13. Does 16 divide v(-3)?
False
Let r(c) = 78*c**2 - 22*c - 96. Does 29 divide r(-6)?
False
Is (-186)/(-4)*285*-10*7/(-175) a multiple of 3?
True
Let k(n) = 10*n - 3. Let h be k(2). Suppose h*s - 8*s - 11241 = 0. Is s a multiple of 10?
False
Let l(v) = 24*v - 528. Does 6 divide l(30)?
True
Let h(w) = 132*w**2 + 56*w + 388. Does 9 divide h(-6)?
False
Suppose 7*d + 54 = 54. Suppose d = -3*s - 2*a + 3*a + 3736, 2*a - 1250 = -s. Is s a multiple of 14?
True
Suppose 4*s = -28, 160*v = 165*v + 4*s - 64872. Is v a multiple of 62?
False
Let p(d) = d**3 + 4*d**2 + 12*d + 57. Let l be p(-4). Let n be (0 + 1)/(-1 + 0). Is (l + -2)/(n + 2) a multiple of 4?
False
Suppose -91*h = -96*h + 130. Suppose -19*g = -6*g - h. Suppose 302 = 3*m + 5*b, -g*b - 274 = m - 4*m. Does 27 divide m?
False
Suppose 5*j + 2*k = 4619, 2*k + 1308 = 2*j -